+ -ca30?
-cba6
In base 8, what is 1240 + -505074?
-503634
In base 12, what is -2129ab5 + -2?
-2129ab7
In base 13, what is -7165 - -ac?
-7086
In base 16, what is -45cf72 - f?
-45cf81
In base 12, what is 2814259 + -1?
2814258
In base 12, what is -ba - 4a7423?
-4a7521
In base 16, what is -1527 + 4e?
-14d9
In base 5, what is 4 - 210130401?
-210130342
In base 6, what is -13354145 - -2430?
-13351315
In base 11, what is -5 - 2a2749?
-2a2753
In base 10, what is -19 - 237368?
-237387
In base 15, what is 4a - -3018ee?
301949
In base 2, what is 111001110 + 110111100000001110?
110111100111011100
In base 10, what is -5182 - 3235?
-8417
In base 11, what is 8 - a7832a2?
-a783295
In base 4, what is 2 - -1122020022?
1122020030
In base 9, what is -3755008732 - -1?
-3755008731
In base 8, what is 21 - -3430444?
3430465
In base 6, what is 3 + -32411301102?
-32411301055
In base 7, what is -211113502 - -3?
-211113466
In base 3, what is 11 - 121121101120?
-121121101102
In base 14, what is 117 + -11264?
-1114b
In base 15, what is 3 - 108c260?
-108c25c
In base 13, what is 313923a - -7?
3139244
In base 7, what is -1 - -204166642?
204166641
In base 9, what is 24426235 + 22?
24426257
In base 9, what is -3306 + -4140?
-7446
In base 3, what is 11102110221101001001 - 1?
11102110221101001000
In base 16, what is -5 - 22944a?
-22944f
In base 13, what is -6251 - 795?
-6a16
In base 14, what is -1a66 + -1288?
-2d10
In base 9, what is -1517 - 426608?
-428226
In base 4, what is -1101133 - 231321?
-1333120
In base 5, what is -1233124214 - 0?
-1233124214
In base 6, what is -1552 + -3035415?
-3041411
In base 13, what is -340020a3 + 4?
-3400209c
In base 7, what is 215 - -15051216?
15051434
In base 16, what is 7 - -a3f5a?
a3f61
In base 8, what is -64 + 3662337?
3662253
In base 9, what is 2367055 - -14?
2367070
In base 12, what is 5734972 + -3?
573496b
In base 12, what is 9 - -a017bb?
a01808
In base 8, what is -4 - 7511416?
-7511422
In base 9, what is 1178 + -627563?
-626374
In base 11, what is 9936 - 63?
9883
In base 9, what is -318616 - 845?
-320562
In base 13, what is 665 - 1bb2c2?
-1ba95a
In base 6, what is -21223103 - 252?
-21223355
In base 15, what is 1c - -7ad66?
7ad83
In base 6, what is 14240441 + 2401?
14243242
In base 11, what is -6785 - 840?
-7515
In base 3, what is 10 + 21222120222020?
21222120222100
In base 2, what is 11110110010000 - 1111100101?
11100110101011
In base 4, what is -11310 - -23031321?
23020011
In base 12, what is 5126 - 6b4b?
-1a25
In base 9, what is -208 + -735414?
-735623
In base 9, what is 286347 - 1?
286346
In base 11, what is 11 - -246866?
246877
In base 16, what is -1c0e3f67 - 3?
-1c0e3f6a
In base 12, what is 515b5 - -4?
515b9
In base 7, what is 4 + 1325332355?
1325332362
In base 6, what is 43151245 - 52?
43151153
In base 8, what is -110635 + -2666?
-113523
In base 14, what is 1378 - 36616?
-3527c
In base 3, what is 20001012201 - -120100?
20001210001
In base 2, what is 110111110001 + 1010110?
111001000111
In base 3, what is 100 - 22110222201?
-22110222101
In base 5, what is 30 - 120241242?
-120241212
In base 12, what is -310 - 119b32?
-11a242
In base 14, what is -530c4 - -343?
-52b81
In base 10, what is -92875839 + -2?
-92875841
In base 9, what is 1 - -22455648?
22455650
In base 2, what is 1 + -1011001110001100010010011?
-1011001110001100010010010
In base 14, what is -85 - ada29b?
-ada342
In base 9, what is -34360712 + -6?
-34360718
In base 12, what is -139 + -25b83?
-26100
In base 2, what is 11011 + -10101001101000000010010?
-10101001100111111110111
In base 2, what is 10000110000011111 - 111000?
10000101111100111
In base 6, what is 424432330 + -12?
424432314
In base 8, what is 422 + 53050?
53472
In base 15, what is -14 + 5153?
513e
In base 11, what is 279 + -600375?
-6000a7
In base 5, what is 213404444 + 41?
213410040
In base 10, what is 2 - 17684951?
-17684949
In base 16, what is c41db - -17?
c41f2
In base 16, what is 15f7c9ce - 5?
15f7c9c9
In base 7, what is -31653542 - -100?
-31653442
In base 9, what is -2767640 + -7?
-2767647
In base 14, what is 139 + -563d9?
-562a0
In base 13, what is -327 - -83455?
8312b
In base 15, what is -301 - 136db1?
-1371b2
In base 7, what is -2 + -250051422?
-250051424
In base 7, what is 2 + -515601102?
-515601100
In base 11, what is 0 + 35825862?
35825862
In base 6, what is -45225 + -22314?
-111543
In base 8, what is -4 - 1241562314?
-1241562320
In base 5, what is 121200 + -300?
120400
In base 9, what is 5017 - 3024?
1883
In base 8, what is 0 + -756316?
-756316
In base 9, what is 1062 - 6142?
-5070
In base 14, what is 51a23a7 - 4?
51a23a3
In base 8, what is 43360346 + 1?
43360347
In base 12, what is -4 + 618a73?
618a6b
In base 12, what is 134 - -13824?
13958
In base 10, what is 0 + 8478784?
8478784
In base 16, what is 22e1b + b8?
22ed3
In base 10, what is -19 + -21922?
-21941
In base 4, what is -1011002022 + 1?
-1011002021
In base 6, what is -11 + -1325030235?
-1325030250
In base 6, what is -55252235 - 5?
-55252244
In base 16, what is -1c47815 + -7?
-1c4781c
In base 7, what is 1 - -2131651265?
2131651266
In base 5, what is 233000 - 221432?
11013
In base 3, what is -12100112 - 1012122200?
-1102000012
In base 13, what is 1388 - -1037?
23c2
In base 9, what is -133518 + -88?
-133617
In base 15, what is -cea354 - -12?
-cea342
In base 4, what is -1110123 + 112021?
-332102
In base 5, what is 4111130432 + -12?
4111130420
In base 4, what is 2022322122 + -1311?
2022320211
In base 13, what is 0 + 252b531?
252b531
In base 3, what is -10222022211200102 - -10?
-10222022211200022
In base 12, what is -39a23 - -542?
-394a1
In base 15, what is 3a789 + 1c1?
3a95a
In base 14, what is 5 - 14d693aa?
-14d693a5
In base 6, what is -505 - 2024433?
-2025342
In base 7, what is -214 - 3324625?
-3325142
In base 16, what is 3c5ee + 1c?
3c60a
In base 11, what is -3 + -689280?
-689283
In base 13, what is -55850 + 265?
-555b8
In base 15, what is 233263 - -26?
233289
In base 8, what is -526051 + 16661?
-507170
In base 13, what is 1a1661a31 + 0?
1a1661a31
In base 13, what is -a2 + -1586c?
-15941
In base 16, what is 1 - 8ffd63?
-8ffd62
In base 3, what is -1122 + -111212120210111?
-111212120212010
In base 6, what is -2213123500 + -3?
-2213123503
In base 3, what is -10112221221 - 10011020?
-10200010011
In base 6, what is -144230 + 1311343?
1123113
In base 14, what is 75b7c + -23d?
7593d
In base 14, what is 160 + 96db?
985b
In base 13, what is -2c - 2c1798?
-2c17c7
In base 14, what is 26 + -152097?
-152071
In base 7, what is 3321350 - 315?
3321032
In base 4, what is 3 + -311213312103?
-311213312100
In base 11, what is 71 - 158143?
-158082
In base 3, what is 1 + -100000111100012?
-100000111100011
In base 3, what is 2111200220012 - -2?
2111200220021
In base 5, what is -3 - 43132043014?
-43132043022
In base 5, what is 130014 - -324113?
1004132
In base 11, what is 51899774 + 1?
51899775
In base 2, what is 10110011111010110011101000 + -1101?
10110011111010110011011011
In base 14, what is 0 - 10341a?
-10341a
In base 16, what is -1d4 - -59?
-17b
In base 14, what is -71adb - -118?
-719c3
In base 12, what is 2 - 274a5595?
-274a5593
In base 14, what is 2083c + 4024?
24862
In base 2, what is -100100011110111001 - 100011111101?
-100101000010110110
In base 7, what is 36 + 2025434?
2025503
In base 10, what is 108 + 330272?
330380
In base 4, what is -2123 - 131132131?
-131200320
In base 9, what is -80 + 250005?
248815
In base 3, what is -122020022 - -1101222?
-120211100
In base 8, what is -3 - 5713733?
-5713736
In base 3, what is 120 - 110021110121102?
-110021110120212
In base 3, what is 2220020000121 + 2?
2220020000200
In base 13, what is 78c + -18c4?
-1135
In base 10, what is 3 - -15674061?
15674064
In base 4, what is 20210130 + -102233?
20101231
In base 2, what is -10001010110101 - 1011?
-10001011000000
In base 3, what is 2100220120112111 + 1?
2100220120112112
In base 9, what is 0 - 187855?
-187855
In base 11, what is -24729 - 32a?
-24a58
In base 16, what is -b8 - e15e?
-e216
In base 3, what is 101021 - -112011210110?
112012011201
In base 12, what is 5060b76 + -4?
5060b72
In base 4, what is 223303030 + 1102300?
231011330
In base 4, what is 0 + -121330230233?
-121330230233
In base 10, what is 1461 - 8441?
-6980
In base 12, what is -46727b0b - 5?
-46727b14
In base 14, wha